).
-128
Let z(i) = i**3 - 4*i**2 + 5*i - 10. Calculate z(4).
10
Let v(q) = -9*q**3 + 2*q**2 - q - 1. What is v(2)?
-67
Let k(a) = -a**2 + 3*a - 3. What is k(3)?
-3
Let p(j) = -j**3 - 21*j**2 + 24*j + 509. What is p(-21)?
5
Let v(n) = -n**3 - n**2 + 17*n + 34. Determine v(-2).
4
Let g(c) = c**2 - 16*c + 97. Determine g(14).
69
Let l(m) = 12*m**2 - m - 3. Give l(2).
43
Let t(f) = -f + 8. What is t(-4)?
12
Let i(s) = s**3 - s**2 + 2*s. What is i(3)?
24
Let u(f) = f**3 + 4*f**2 - 19*f - 47. Give u(-6).
-5
Let c(t) = -4*t + 125. Calculate c(28).
13
Let d(t) = t**3 - 12*t**2 + 4*t + 24. Determine d(6).
-168
Let l(w) = -2*w**2 + w + 5. Determine l(-4).
-31
Let r(a) = -a + 2. What is r(0)?
2
Let g(i) = -2*i**3 - 15*i**2 - 8*i - 10. Give g(-7).
-3
Let b(n) = -n**3 - 4*n**2 - 2*n + 4. Give b(-3).
1
Let x(o) = o**2 - 25*o + 167. What is x(11)?
13
Let m(t) = -42*t**2 - 45*t - 1. Calculate m(-1).
2
Let x(m) = -22*m + 190. Calculate x(9).
-8
Let p(b) = b**2 + 40*b + 407. Determine p(-19).
8
Let t(a) = a**2 - 7*a - 16. Give t(-2).
2
Let w(m) = -m**2 + 21*m + 13. What is w(21)?
13
Let i(h) = h**3 - 16*h**2 + 13*h + 22. Determine i(15).
-8
Let c(i) = 2*i + 18. Calculate c(-8).
2
Let y(n) = n**2 - n + 8. What is y(4)?
20
Let l(s) = 4*s - 14. Determine l(-7).
-42
Let h(s) = s**3 + 4*s**2 + s + 4. Calculate h(-3).
10
Let x(f) = -5*f - 139. What is x(-30)?
11
Let q(y) = -y**3 + 6*y**2 - 5*y + 3. Give q(6).
-27
Let f(u) = 5*u**2 - 2*u - 4. Calculate f(3).
35
Let j(s) = -10*s**3 + 2*s**2 - 2*s. Determine j(1).
-10
Let l(b) = -b**3 - 6*b**2 - 6*b. Determine l(-3).
-9
Let b(w) = 4*w - 10. Give b(-6).
-34
Let n(a) = a**3 + 3*a**2 - 41*a - 3. What is n(-8)?
5
Let w(u) = 2*u - 14. Calculate w(-7).
-28
Let y(s) = 13*s + 9. Determine y(6).
87
Let d(b) = b**3 - 7*b**2 + 12*b - 10. Calculate d(5).
0
Let y(s) = s - 30. What is y(-15)?
-45
Let j(v) = -3*v + 9. Determine j(6).
-9
Let m(r) = r**3 - 7*r**2 - 12*r + 7. Give m(8).
-25
Let k(q) = -q**3 + q**2 + q - 28. Calculate k(0).
-28
Let l(c) = -c**3 - 9*c**2 - 8*c + 8. What is l(-8)?
8
Let m(x) = 3*x - 1. What is m(-3)?
-10
Let r(h) = h**3 - 5*h**2 - 3*h - 6. What is r(5)?
-21
Let y(a) = -a**2 - 12*a + 754. Determine y(-34).
6
Let q(b) = -b**2 + 2*b + 44. Determine q(0).
44
Let k(t) = -t**2 + 19*t - 64. Give k(7).
20
Let k(w) = w**2 + 8*w - 16. Calculate k(-12).
32
Let u(w) = w**2 + w + 13. Calculate u(0).
13
Let y(k) = k - 20. Determine y(11).
-9
Let x(m) = 2*m**2 + 42*m - 14. Give x(-21).
-14
Let p(r) = r + 2. Give p(11).
13
Let b(y) = -4*y + 109. Calculate b(27).
1
Let f(t) = t**3 + 11*t**2 - 14*t + 29. Determine f(-12).
53
Let h(t) = t + 3. Give h(-5).
-2
Let a(d) = -d**2 + 2*d - 23. Give a(0).
-23
Let o(m) = m**2 - 12*m + 39. What is o(11)?
28
Let y(u) = -2*u**2 - u + 20. What is y(-4)?
-8
Let i(l) = -l**2 + 3*l + 4. Calculate i(4).
0
Let k(j) = j**2 - j - 16. Give k(7).
26
Let s(f) = -2*f**2 + 17*f - 13. Give s(8).
-5
Let y(f) = -f + 27. Give y(7).
20
Let u(v) = v**3 + 6*v**2 + 7*v + 1. What is u(-3)?
7
Let o(c) = 12*c - 11. What is o(-4)?
-59
Let f(i) = -i**3 - 4*i**2 - 2*i + 3. Give f(-3).
0
Let r(i) = i + 14. Give r(-5).
9
Let u(y) = -19*y**3 - y**2 + y + 1. Calculate u(-1).
18
Let r(z) = 3*z**2 + 4*z - 8. Determine r(-5).
47
Let d(m) = m**3 + 5*m**2 + m. Calculate d(-5).
-5
Let n(z) = 23*z + 2. What is n(-1)?
-21
Let i(v) = 5*v**2 - 2*v - 2. What is i(-2)?
22
Let z(o) = o**3 - 6*o**2 + 4*o + 1. What is z(5)?
-4
Let i(d) = 4*d - 166. Calculate i(47).
22
Let o(w) = -w**2 - 6*w - 3. Determine o(-4).
5
Let t(y) = -4*y**3 - 4*y**2 - y - 2. What is t(-2)?
16
Let q(n) = 38*n**3 + n - 1. Calculate q(1).
38
Let g(f) = -f**2 - 7*f - 5. Calculate g(-6).
1
Let y(s) = -3*s + 59. What is y(18)?
5
Let b(q) = -71*q**2 + 3*q - 2. What is b(1)?
-70
Let i(b) = -6*b**2 - 25*b - 6. Determine i(-3).
15
Let b(s) = -6*s + 47. Determine b(8).
-1
Let p(y) = -5*y**2 - 49*y + 45. Calculate p(-11).
-21
Let p(k) = 4*k + 92. Calculate p(-21).
8
Let a(r) = -8*r + 6. Give a(4).
-26
Let k(z) = -z**3 + 28*z**2 - 74*z - 24. Calculate k(25).
1
Let r(q) = -q + 7. Determine r(5).
2
Let i(p) = -4*p - 11. Determine i(-6).
13
Let l(q) = q**2 - 5*q - 4. What is l(3)?
-10
Let f(r) = -25*r - 1. Calculate f(4).
-101
Let w(n) = -n**3 + 15*n**2 + 16*n + 1. Calculate w(16).
1
Let t(s) = 5*s - 5. Determine t(0).
-5
Let h(i) = -i**2 + 12*i - 2. Calculate h(14).
-30
Let j(f) = -3*f - 16. Determine j(-9).
11
Let b(x) = -14*x + 33. Determine b(5).
-37
Let u(i) = i**3 + 3*i**2 - 7*i + 11. Calculate u(-5).
-4
Let b(x) = 31*x - 408. Give b(13).
-5
Let z(j) = 2*j**3 - 52*j**2 - 5*j + 49. Determine z(26).
-81
Let x(d) = 14*d + 59. Determine x(-10).
-81
Let g(o) = 70*o - 626. What is g(9)?
4
Let q(g) = g**3 + 14*g**2 + g - 2. What is q(-14)?
-16
Let p(h) = -14*h + 4. What is p(2)?
-24
Let w(j) = -j**3 + 6*j**2 + 8*j - 8. Calculate w(7).
-1
Let n(i) = -i**2 - 54*i - 404. Calculate n(-9).
1
Let s(a) = -a**3 + 23*a**2 + 3*a - 19. Give s(23).
50
Let u(w) = -w**3 - 13*w**2 - 20*w + 5. Calculate u(-11).
-17
Let s(f) = f**2 - 14*f - 32. Determine s(15).
-17
Let c(a) = a**3 + 7*a**2 - 2*a - 6. Calculate c(-4).
50
Let z(a) = a**2 - 7*a + 13. Give z(2).
3
Let n(k) = k**3 - 2*k**2 - 2*k + 4. Determine n(3).
7
Let u(b) = -b**2 - 22*b - 1. Determine u(-24).
-49
Let t(v) = v**3 - 2*v**2 - 3*v - 3. What is t(3)?
-3
Let m(d) = 5*d**3 + 2*d**2 - 2. Calculate m(2).
46
Let h(r) = -r**2 - 3*r - 1. Calculate h(-3).
-1
Let c(t) = -t**3 - 7*t**2 - 8*t - 2. Determine c(-5).
-12
Let o(u) = -u**3 + 12*u**2 + 14*u - 17. Give o(13).
-4
Let n(i) = i - 12. What is n(9)?
-3
Let a(o) = -6*o - 195. Determine a(-33).
3
Let f(c) = -4*c. Give f(-1).
4
Let j(n) = -87*n + 708. Calculate j(8).
12
Let x(h) = -h**3 - 4*h**2 - 4*h + 2. Calculate x(-2).
2
Let y(l) = -175*l - 516. Calculate y(-3).
9
Let c(u) = u**3 - 9*u**2 - 14*u + 10. Determine c(10).
-30
Let g(s) = s**2 + 21*s - 30. Determine g(-22).
-8
Let q(z) = -7*z + 29. Calculate q(-11).
106
Let z(v) = -2*v**2 + 5*v + 2. Calculate z(5).
-23
Let g(c) = 2*c**2 + 4*c - 27. What is g(-9)?
99
Let y(l) = 4*l**2 - 4*l - 10. Give y(-4).
70
Let j(m) = 2*m + 14. Calculate j(-7).
0
Let d(t) = -t + 48. Calculate d(-7).
55
Let o(i) = -i**2 + 12*i - 17. Determine o(10).
3
Let p(k) = 3*k - 3. Give p(-7).
-24
Let h(l) = -30*l + 35. Calculate h(3).
-55
Let f(x) = 49*x**3 - 2*x**2 + x + 2. Determine f(-1).
-50
Let m(a) = -4*a - 76. Give m(-18).
-4
Let n(f) = f - 12. Give n(16).
4
Let s(o) = o**2 - 20*o - 145. Calculate s(26).
11
Let r(v) = v**3 - 2*v**2 - 6*v - 13. What is r(4)?
-5
Let q(g) = -66*g**2 - g. Determine q(1).
-67
Let f(p) = 15*p. Give f(-2).
-30
Let l(h) = -7*h + 47. What is l(7)?
-2
Let j(k) = -k**3 - 2*k**2 + 7*k - 7. Determine j(3).
-31
Let i(t) = -5*t**2 - 3*t + 2. What is i(1)?
-6
Let i(z) = z**3 + 3*z**2 + 3*z + 3. Calculate i(-2).
1
Let p(c) = 12*c - 6. Determine p(5).
54
Let l(o) = o - 26. Determine l(-9).
-35
Let w(v) = -v**3 - 7*v**2 - 3*v - 29. Determine w(-7).
-8
Let u(a) = 14*a + 66. What is u(-5)?
-4
Let s(z) = -z**3 + 4*z**2 + 6*z + 5. What is s(5)?
10
Let f(v) = -v**2 - 10*v + 6. Give f(-11).
-5
Let y(j) = j**2 + 3*j. Calculate y(-1).
-2
Let a(m) = -3*m**2 - 18*m - 11. Give a(-5).
4
Let v(m) = m**2 - 4*m + 3. Determine v(3).
0
Let p(f) = -3*f**2 - 11*f + 39. What is p(4)?
-53
Let k(x) = -x**3 - 4*x**2 + 4*x - 6. Calculate k(-5).
-1
Let r(x) = 8*x - 12. What is r(9)?
60
Let y(w) = 2*w**2 + 54*w + 15. What is y(-27)?
15
Let w(t) = -2*t**2 - 53*t - 303. What is w(-18)?
3
Let o(g) = -g**2 + 7*g - 3. What is o(7)?
-3
Let i(w) = w**2 + 169. Calculate i(0).
169
Let g(d) = d**3 + 13*d**2 + 12*d - 1. What is g(-12)?
-1
Let d(f) = 5*f + 216. Calculate d(-35).
41
Let i(s) = s**3 - 30*s**2 + 82*s - 20. Give i(27).
7
Let y(g) = g**2 - 11*g + 4. Give y(0).
4
Let t(x) = x**2 + 13*x - 10. Give t(-14).
4
Let l(a) = a**3 + 10*a**2 - 7*a + 4. What is l(-11)?
-40
Let y(g) = 30*g - 1. Calculate y(-1).
-31
Let d(m) = -2*m**3 + 12*m**2 + 11*m + 6. What is d(7)?
-15
Let w(r) = -r - 26. What is w(-8)?
-18
Let p(b) = 14*b - 32. Give p(3).
10
Let a(i) = 6*i + 28. What is a(-8)?
-20
Let v(k) = -k**2 - 10*k + 51. Calculate v(-17).
-68
Let p(w) = 14*w - 678. Give p(48).
-6
Let p(v) = -2*v**3 - 7*v**2 - 6*v + 3. What is p(-4)?
43
Let h(a) = -a**3 - 8*a**2 + 10*a + 5. Determin